{"id":2023,"date":"2021-02-03T14:22:33","date_gmt":"2021-02-03T16:22:33","guid":{"rendered":"https:\/\/eventos.abcm.org.br\/cobem2021\/?page_id=2023"},"modified":"2021-02-05T12:06:53","modified_gmt":"2021-02-05T14:06:53","slug":"about-florianopolis","status":"publish","type":"page","link":"https:\/\/eventos.abcm.org.br\/cobem2021\/informations\/about-florianopolis\/","title":{"rendered":"About Florian\u00f3polis"},"content":{"rendered":"<p>Florian\u00f3polis is the capital and second largest city of Santa Catarina state in the Southern region of Brazil. It is composed of one main island, the Island of Santa Catarina, a continental part and the surrounding small islands. Florian\u00f3polis has a warm humid subtropical climate. The seasons of the year are distinct, with a well-defined summer and winter, and a typical mild weather during autumn and spring. Frost occurs occasionally in the winter. Due to the proximity of the sea, the relative humidity is around 80 %. In last week of November, the expected temperature varies from 20 \u00b0C to 27 \u00b0C.<\/p>\n<p>The city is famous for its natural beauties and life quality \u2013 the best among all the Brazilian capitals. It is not for nothing that the capital of Santa Catarina is known as the Island of Magic. There are several beaches spread along the shore line. There are several other attractions to visit, such as, the historical center, Azorean districts, Concei\u00e7\u00e3o Lagoon, Portuguese forts, and the city postcard, the Herc\u00edlio Luz Bridge. More information at<br \/>\n<a href=\"http:\/\/turismo.sc.gov.br\/en\/cidade\/florianopolis\/\" target=\"_blank\" rel=\"noopener\">http:\/\/turismo.sc.gov.br\/en\/cidade\/florianopolis\/.<\/a><\/p>\n<p>Another good reason to visit Florian\u00f3polis is the warm and welcoming people. In 2013, the city was featured in CNN as the friendliest city in the world according to Conde Nast Traveler magazine.<\/p>\n<p>Here you can print the guide explaining how to arrive at the congress venue from Florian\u00f3polis Airport (Herc\u00edlio Luz International Airport).<\/p>\n","protected":false},"excerpt":{"rendered":"<p>Florian\u00f3polis is the capital and second largest city of Santa Catarina state in the Southern region of Brazil. It is composed of one main island, the Island of Santa Catarina, a continental part and the surrounding small islands. Florian\u00f3polis has a warm humid subtropical climate. The seasons of the year are distinct, with a well-defined [&hellip;]<\/p>\n","protected":false},"author":1,"featured_media":0,"parent":1968,"menu_order":0,"comment_status":"closed","ping_status":"closed","template":"","meta":{"footnotes":""},"class_list":["post-2023","page","type-page","status-publish","hentry"],"_links":{"self":[{"href":"https:\/\/eventos.abcm.org.br\/cobem2021\/wp-json\/wp\/v2\/pages\/2023","targetHints":{"allow":["GET"]}}],"collection":[{"href":"https:\/\/eventos.abcm.org.br\/cobem2021\/wp-json\/wp\/v2\/pages"}],"about":[{"href":"https:\/\/eventos.abcm.org.br\/cobem2021\/wp-json\/wp\/v2\/types\/page"}],"author":[{"embeddable":true,"href":"https:\/\/eventos.abcm.org.br\/cobem2021\/wp-json\/wp\/v2\/users\/1"}],"replies":[{"embeddable":true,"href":"https:\/\/eventos.abcm.org.br\/cobem2021\/wp-json\/wp\/v2\/comments?post=2023"}],"version-history":[{"count":3,"href":"https:\/\/eventos.abcm.org.br\/cobem2021\/wp-json\/wp\/v2\/pages\/2023\/revisions"}],"predecessor-version":[{"id":2072,"href":"https:\/\/eventos.abcm.org.br\/cobem2021\/wp-json\/wp\/v2\/pages\/2023\/revisions\/2072"}],"up":[{"embeddable":true,"href":"https:\/\/eventos.abcm.org.br\/cobem2021\/wp-json\/wp\/v2\/pages\/1968"}],"wp:attachment":[{"href":"https:\/\/eventos.abcm.org.br\/cobem2021\/wp-json\/wp\/v2\/media?parent=2023"}],"curies":[{"name":"wp","href":"https:\/\/api.w.org\/{rel}","templated":true}]}}