{"id":2580,"date":"2023-03-27T18:59:49","date_gmt":"2023-03-27T21:59:49","guid":{"rendered":"https:\/\/eventos.abcm.org.br\/cobem2023\/?page_id=2580"},"modified":"2023-03-27T19:24:20","modified_gmt":"2023-03-27T22:24:20","slug":"about-cobem","status":"publish","type":"page","link":"https:\/\/eventos.abcm.org.br\/cobem2023\/about\/about-cobem\/","title":{"rendered":"About COBEM"},"content":{"rendered":"<p>COBEM, the International Congress of Mechanical Engineering, is the main event of the ABCM and reflects all topics of mechanical sciences and engineering covered by the 19 technical committees of the ABCM.<\/p>\n<p>The first COBEM was held in Florianopolis from June 19 to 21, 1971, under the chairmanship of Professor Caspar Stemmer. At that time it was called the National Symposium of Mechanical Engineering. Twelve papers were presented and experts from universities and industry met to discuss strategies for further dissemination of the topics discussed to the broader scientific and engineering community in Brazil and to plan a recurring permanent congress. The 2nd National Symposium of Mechanical Engineering and the 1st Brazilian Symposium of Mechanical Sciences, the first of which was devoted to engineering contributions and the second to mechanical sciences, were held in Rio de Janeiro from November 5 to 7, 1973, under the chairmanship of Professor Luiz Bevilacqua. The joint symposia were organized in 4 sections: 1. Numerical Methods for Structures, 2. Device and Machine Design, 3. Elasto-plastic Behavior, 4. Fluid Mechanics, and 5. Dynamics and Vibrations. In the technical sections, 70 research papers were presented by 108 authors.<\/p>\n<p>The ABCM was founded in 1975. In the same year, the two symposia that were held simultaneously in 1973 were combined to form the Brazilian Congress of Mechanical Engineering. The congress was held in Rio de Janeiro and was chaired by Professor Luiz Bevilacqua. It was organized in the same 4 areas as in 1973. There were 106 papers submitted by 174 authors, of which 26 were from other countries. The range of topics covered increased considerably. The symposium included papers on analytical and experimental methods of stress analysis, dynamics and vibrations, fluid mechanics, thermodynamics, energy conversion, mechanical properties of metals, thermomechanical treatments, biomaterials, finite element method, stability of mechanical systems, and structural optimization.<\/p>\n<p>Immediately after its conclusion, the 1975 event was named COBEM 75, the 3<sup>rd<\/sup> Brazilian Congress of Mechanical Engineering. The 1973 event was renamed COBEM 73, the 2<sup>nd<\/sup> Brazilian Congress of Mechanical Engineering, and the 1971 event became the 1st Brazilian Congress of Mechanical Engineering. The proceedings of COBEM 73 and COBEM 75 were compiled and published (available <a href=\"https:\/\/www.abcm.org.br\/pb\/acesso-livre\">here<\/a>). COBEM became the main event of the ABCM, held every two years in a different city and coordinated by a different local organizing committee. In 2001, due to the increasing number of international contributions, it became the International Congress of Mechanical Engineering and took its current form.<\/p>\n<p>Currently, it is an event for about 1,500 participants and 1,200 contributions. Over the past 50 years, more than 20,000 students, faculty and practitioners have attended COBEM. It is a forum for discussions on theory, application, new experimental and numerical methods, technology and science policy, funding, teaching, and learning. It is an opportunity for exhibitions and presentations by companies and institutions.<\/p>\n<p>The vision and commitment of the pioneers who chaired ABCM and COBEM 71, 73, and 75 created a conference that has become the most important forum for discussions on mechanical sciences and engineering in Brazil. In the words of Luiz Bevilacqua, we also acknowledge &#8220;&#8230;the tremendous good will and hard work of a large number of people behind the scenes to whom COBEM 73 and COBEM 75 owe part of their success. It is to them that we owe our thanks and appreciation.&#8221; That appreciation goes to everyone who has been involved with ABCM and COBEM over the past 50 years. They deserve our greatest appreciation.<\/p>\n<p>The history of ABCM and COBEM is deliciously told in the following first-hand accounts:<\/p>\n<p>Maur\u00edcio Nogueira Frota, \u201cAssocia\u00e7\u00e3o Brasileira de Ci\u00eancias Mec\u00e2nicas: Mem\u00f3rias e Perspectivas\u201d, <a href=\"https:\/\/www.abcm.org.br\/pb\/acesso-livre\">Anais do IX Congresso Brasileiro de Engenharia Mec\u00e2nica<\/a>, Vol. I, COBEM 87, 7 a 11 de novembro de 1987, Florian\u00f3polis, SC, pp. 67 \u2013 89. .<\/p>\n<p>Luiz Bevilacqua, \u201cBreve hist\u00f3ria do in\u00edcio da s\u00e9rie dos Congressos Brasileiros de Engenharia Mec\u00e2nica\u201d, <a href=\"https:\/\/www.abcm.org.br\/pb\/revista-abcm-engenharia\">Revista ABCM Engenharia<\/a>, vol. 19, no. 1, 2015, pp. 27-33.<\/p>\n<p>Agamenon Rodrigues Eufr\u00e1sio Oliveira, \u201cOs primeiros 40 anos da ABCM\u201d, <a href=\"https:\/\/www.abcm.org.br\/pb\/revista-abcm-engenharia\">Revista ABCM Engenharia<\/a>, vol. 19, no. 1, 2015, pp. 33-43.<\/p>\n<p>&nbsp;<\/p>\n<p>Past editions of <a href=\"https:\/\/www.abcm.org.br\/pb\/acesso-livre\">COBEM<\/a> (<a href=\"https:\/\/www.abcm.org.br\/pb\/eventos-regulares-abcm\">https:\/\/www.abcm.org.br\/pb\/eventos-regulares-abcm<\/a>):<\/p>\n<p>&nbsp;<\/p>\n<table style=\"height: 841px;\" width=\"761\">\n<tbody>\n<tr>\n<td style=\"text-align: center;\" width=\"75\"><strong>COBEM<\/strong><\/td>\n<td style=\"text-align: center;\" width=\"85\"><strong>YEAR<\/strong><\/td>\n<td style=\"text-align: center;\" width=\"180\"><strong>PLACE<\/strong><\/td>\n<td style=\"text-align: center;\" width=\"255\"><strong>LOCAL ORGANIZING INSTITUTION<\/strong><\/td>\n<\/tr>\n<tr>\n<td style=\"text-align: center;\" width=\"75\">1<\/td>\n<td style=\"text-align: center;\" width=\"85\">1971<\/td>\n<td style=\"text-align: center;\" width=\"180\">Florian\u00f3polis, SC<\/td>\n<td style=\"text-align: center;\" width=\"255\">UFSC<\/td>\n<\/tr>\n<tr>\n<td style=\"text-align: center;\" width=\"75\">2<\/td>\n<td style=\"text-align: center;\" width=\"85\">1973<\/td>\n<td style=\"text-align: center;\" width=\"180\">Rio de Janeiro, RJ<\/td>\n<td style=\"text-align: center;\" width=\"255\">UFRJ<\/td>\n<\/tr>\n<tr>\n<td style=\"text-align: center;\" width=\"75\">3<\/td>\n<td style=\"text-align: center;\" width=\"85\">1975<\/td>\n<td style=\"text-align: center;\" width=\"180\">Rio de Janeiro, RJ<\/td>\n<td style=\"text-align: center;\" width=\"255\">UFRJ<\/td>\n<\/tr>\n<tr>\n<td style=\"text-align: center;\" width=\"75\">4<\/td>\n<td style=\"text-align: center;\" width=\"85\">1977<\/td>\n<td style=\"text-align: center;\" width=\"180\">Florian\u00f3polis, SC<\/td>\n<td style=\"text-align: center;\" width=\"255\">UFSC<\/td>\n<\/tr>\n<tr>\n<td style=\"text-align: center;\" width=\"75\">5<\/td>\n<td style=\"text-align: center;\" width=\"85\">1979<\/td>\n<td style=\"text-align: center;\" width=\"180\">Campinas, SP<\/td>\n<td style=\"text-align: center;\" width=\"255\">UNICAMP<\/td>\n<\/tr>\n<tr>\n<td style=\"text-align: center;\" width=\"75\">6<\/td>\n<td style=\"text-align: center;\" width=\"85\">1981<\/td>\n<td style=\"text-align: center;\" width=\"180\">Rio de Janeiro, RJ<\/td>\n<td style=\"text-align: center;\" width=\"255\">PUC-Rio<\/td>\n<\/tr>\n<tr>\n<td style=\"text-align: center;\" width=\"75\">7<\/td>\n<td style=\"text-align: center;\" width=\"85\">1983<\/td>\n<td style=\"text-align: center;\" width=\"180\">Uberl\u00e2ndia, MG<\/td>\n<td style=\"text-align: center;\" width=\"255\">UFU<\/td>\n<\/tr>\n<tr>\n<td style=\"text-align: center;\" width=\"75\">8<\/td>\n<td style=\"text-align: center;\" width=\"85\">1985<\/td>\n<td style=\"text-align: center;\" width=\"180\">S\u00e3o Jos\u00e9 dos Campos, SP<\/td>\n<td style=\"text-align: center;\" width=\"255\">ITA<\/td>\n<\/tr>\n<tr>\n<td style=\"text-align: center;\" width=\"75\">9<\/td>\n<td style=\"text-align: center;\" width=\"85\">1987<\/td>\n<td style=\"text-align: center;\" width=\"180\">Florian\u00f3polis, SC<\/td>\n<td style=\"text-align: center;\" width=\"255\">UFSC<\/td>\n<\/tr>\n<tr>\n<td style=\"text-align: center;\" width=\"75\">10<\/td>\n<td style=\"text-align: center;\" width=\"85\">1989<\/td>\n<td style=\"text-align: center;\" width=\"180\">Rio de Janeiro, RJ<\/td>\n<td style=\"text-align: center;\" width=\"255\">UFRJ<\/td>\n<\/tr>\n<tr>\n<td style=\"text-align: center;\" width=\"75\">11<\/td>\n<td style=\"text-align: center;\" width=\"85\">1991<\/td>\n<td style=\"text-align: center;\" width=\"180\">S\u00e3o Paulo, SP<\/td>\n<td style=\"text-align: center;\" width=\"255\">UsP-Poli<\/td>\n<\/tr>\n<tr>\n<td style=\"text-align: center;\" width=\"75\">12<\/td>\n<td style=\"text-align: center;\" width=\"85\">1993<\/td>\n<td style=\"text-align: center;\" width=\"180\">Porto Alegre, RS<\/td>\n<td style=\"text-align: center;\" width=\"255\">UFRGS<\/td>\n<\/tr>\n<tr>\n<td style=\"text-align: center;\" width=\"75\">13<\/td>\n<td style=\"text-align: center;\" width=\"85\">1995<\/td>\n<td style=\"text-align: center;\" width=\"180\">Belo Horizonte, MG<\/td>\n<td style=\"text-align: center;\" width=\"255\">UFMG<\/td>\n<\/tr>\n<tr>\n<td style=\"text-align: center;\" width=\"75\">14<\/td>\n<td style=\"text-align: center;\" width=\"85\">1997<\/td>\n<td style=\"text-align: center;\" width=\"180\">Ilha Solteira, SP<\/td>\n<td style=\"text-align: center;\" width=\"255\">UNESP<\/td>\n<\/tr>\n<tr>\n<td style=\"text-align: center;\" width=\"75\">15<\/td>\n<td style=\"text-align: center;\" width=\"85\">1999<\/td>\n<td style=\"text-align: center;\" width=\"180\">\u00c1guas de Lind\u00f3ia, SP<\/td>\n<td style=\"text-align: center;\" width=\"255\">UNICAMP<\/td>\n<\/tr>\n<tr>\n<td style=\"text-align: center;\" width=\"75\">16<\/td>\n<td style=\"text-align: center;\" width=\"85\">2001<\/td>\n<td style=\"text-align: center;\" width=\"180\">Uberl\u00e2ndia, MG<\/td>\n<td style=\"text-align: center;\" width=\"255\">UFU<\/td>\n<\/tr>\n<tr>\n<td style=\"text-align: center;\" width=\"75\">17<\/td>\n<td style=\"text-align: center;\" width=\"85\">2003<\/td>\n<td style=\"text-align: center;\" width=\"180\">S\u00e3o Paulo, SP<\/td>\n<td style=\"text-align: center;\" width=\"255\">USP-Poli \/ IPT<\/td>\n<\/tr>\n<tr>\n<td style=\"text-align: center;\" width=\"75\">18<\/td>\n<td style=\"text-align: center;\" width=\"85\">2005<\/td>\n<td style=\"text-align: center;\" width=\"180\">Ouro Preto, MG<\/td>\n<td style=\"text-align: center;\" width=\"255\">UFMG \/ UNIFEI \/ UFOP<\/td>\n<\/tr>\n<tr>\n<td style=\"text-align: center;\" width=\"75\">19<\/td>\n<td style=\"text-align: center;\" width=\"85\">2007<\/td>\n<td style=\"text-align: center;\" width=\"180\">Bras\u00edlia, DF<\/td>\n<td style=\"text-align: center;\" width=\"255\">UnB<\/td>\n<\/tr>\n<tr>\n<td style=\"text-align: center;\" width=\"75\">20<\/td>\n<td style=\"text-align: center;\" width=\"85\">2009<\/td>\n<td style=\"text-align: center;\" width=\"180\">Gramado, RS<\/td>\n<td style=\"text-align: center;\" width=\"255\">UFRGS<\/td>\n<\/tr>\n<tr>\n<td style=\"text-align: center;\" width=\"75\">21<\/td>\n<td style=\"text-align: center;\" width=\"85\">2011<\/td>\n<td style=\"text-align: center;\" width=\"180\">Natal, RN<\/td>\n<td style=\"text-align: center;\" width=\"255\">UFRN<\/td>\n<\/tr>\n<tr>\n<td style=\"text-align: center;\" width=\"75\">22<\/td>\n<td style=\"text-align: center;\" width=\"85\">2013<\/td>\n<td style=\"text-align: center;\" width=\"180\">Ribeir\u00e3o Preto, SP<\/td>\n<td style=\"text-align: center;\" width=\"255\">USP-EESC<\/td>\n<\/tr>\n<tr>\n<td style=\"text-align: center;\" width=\"75\">23<\/td>\n<td style=\"text-align: center;\" width=\"85\">2015<\/td>\n<td style=\"text-align: center;\" width=\"180\">Rio de Janeiro, RJ<\/td>\n<td style=\"text-align: center;\" width=\"255\">UFF<\/td>\n<\/tr>\n<tr>\n<td style=\"text-align: center;\" width=\"75\">24<\/td>\n<td style=\"text-align: center;\" width=\"85\">2017<\/td>\n<td style=\"text-align: center;\" width=\"180\">Curitiba, PR<\/td>\n<td style=\"text-align: center;\" width=\"255\">PUC-Pr<\/td>\n<\/tr>\n<tr>\n<td style=\"text-align: center;\" width=\"75\">25<\/td>\n<td style=\"text-align: center;\" width=\"85\">2019<\/td>\n<td style=\"text-align: center;\" width=\"180\">Uberl\u00e2ndia, MG<\/td>\n<td style=\"text-align: center;\" width=\"255\">UFU<\/td>\n<\/tr>\n<tr>\n<td style=\"text-align: center;\" width=\"75\">26<\/td>\n<td style=\"text-align: center;\" width=\"85\">2021<\/td>\n<td style=\"text-align: center;\" width=\"180\">online<\/td>\n<td style=\"text-align: center;\" width=\"255\">UFSC<\/td>\n<\/tr>\n<\/tbody>\n<\/table>\n<p>&nbsp;<\/p>\n<p>&nbsp;<\/p>\n<p>&nbsp;<\/p>\n<p>&nbsp;<\/p>\n<p>&nbsp;<\/p>\n","protected":false},"excerpt":{"rendered":"<p>COBEM, the International Congress of Mechanical Engineering, is the main event of the ABCM and reflects all topics of mechanical sciences and engineering covered by the 19 technical committees of the ABCM. The first COBEM was held in Florianopolis from June 19 to 21, 1971, under the chairmanship of Professor Caspar Stemmer. At that time [&hellip;]<\/p>\n","protected":false},"author":1,"featured_media":0,"parent":8,"menu_order":0,"comment_status":"closed","ping_status":"closed","template":"","meta":{"footnotes":""},"class_list":["post-2580","page","type-page","status-publish","hentry"],"_links":{"self":[{"href":"https:\/\/eventos.abcm.org.br\/cobem2023\/wp-json\/wp\/v2\/pages\/2580","targetHints":{"allow":["GET"]}}],"collection":[{"href":"https:\/\/eventos.abcm.org.br\/cobem2023\/wp-json\/wp\/v2\/pages"}],"about":[{"href":"https:\/\/eventos.abcm.org.br\/cobem2023\/wp-json\/wp\/v2\/types\/page"}],"author":[{"embeddable":true,"href":"https:\/\/eventos.abcm.org.br\/cobem2023\/wp-json\/wp\/v2\/users\/1"}],"replies":[{"embeddable":true,"href":"https:\/\/eventos.abcm.org.br\/cobem2023\/wp-json\/wp\/v2\/comments?post=2580"}],"version-history":[{"count":3,"href":"https:\/\/eventos.abcm.org.br\/cobem2023\/wp-json\/wp\/v2\/pages\/2580\/revisions"}],"predecessor-version":[{"id":2605,"href":"https:\/\/eventos.abcm.org.br\/cobem2023\/wp-json\/wp\/v2\/pages\/2580\/revisions\/2605"}],"up":[{"embeddable":true,"href":"https:\/\/eventos.abcm.org.br\/cobem2023\/wp-json\/wp\/v2\/pages\/8"}],"wp:attachment":[{"href":"https:\/\/eventos.abcm.org.br\/cobem2023\/wp-json\/wp\/v2\/media?parent=2580"}],"curies":[{"name":"wp","href":"https:\/\/api.w.org\/{rel}","templated":true}]}}