{"id":2447,"date":"2024-07-15T14:43:03","date_gmt":"2024-07-15T17:43:03","guid":{"rendered":"https:\/\/eventos.abcm.org.br\/conem2024\/?page_id=2447"},"modified":"2024-07-31T15:18:22","modified_gmt":"2024-07-31T18:18:22","slug":"jantar-de-confraternizacao","status":"publish","type":"page","link":"https:\/\/eventos.abcm.org.br\/conem2024\/jantar-de-confraternizacao\/","title":{"rendered":"Jantar de Confraterniza\u00e7\u00e3o"},"content":{"rendered":"<p>O Jantar de Confraterniza\u00e7\u00e3o acontece no dia 01 de agosto, quinta, das 19h30 \u00e0s 22h30 (3 horas de servi\u00e7o).<\/p>\n<p>Rod\u00edzio de carnes acompanhado do buffet completo com saladas, pratos quentes, guarni\u00e7\u00f5es, frios e sushi.<\/p>\n<p>No buffet temos op\u00e7\u00f5es de massas, de frutos do mar (2 op\u00e7\u00f5es de peixes e 1 op\u00e7\u00e3o de camar\u00e3o), nossa variedade de saladas e sushis.<\/p>\n<p>Op\u00e7\u00f5es de carnes temos mais de 27 tipos de op\u00e7\u00f5es, entre elas: Alcatra\/Alcatra com queijo, Maminha, Picanha\/Picanha com alho, Carne de sol, Paleta de cordeiro, costela, cupim, beef ancho, Picanha Su\u00edna, Leit\u00e3o a pururuca, entre outros e tamb\u00e9m nossa sele\u00e7\u00e3o de carnes especiais de parrilla\/boi angus: Beef Chorizo, Short Ribs, Shoulder Steak e etc.<\/p>\n<p><img loading=\"lazy\" decoding=\"async\" class=\"aligncenter wp-image-2448 size-large\" src=\"http:\/\/eventos.abcm.org.br\/conem2024\/content\/uploads\/2024\/07\/WhatsApp-Image-2024-07-15-at-14.03.18-827x1024.jpeg\" alt=\"\" width=\"660\" height=\"817\" srcset=\"https:\/\/eventos.abcm.org.br\/conem2024\/content\/uploads\/2024\/07\/WhatsApp-Image-2024-07-15-at-14.03.18-827x1024.jpeg 827w, https:\/\/eventos.abcm.org.br\/conem2024\/content\/uploads\/2024\/07\/WhatsApp-Image-2024-07-15-at-14.03.18-274x339.jpeg 274w, https:\/\/eventos.abcm.org.br\/conem2024\/content\/uploads\/2024\/07\/WhatsApp-Image-2024-07-15-at-14.03.18-768x951.jpeg 768w, https:\/\/eventos.abcm.org.br\/conem2024\/content\/uploads\/2024\/07\/WhatsApp-Image-2024-07-15-at-14.03.18-969x1200.jpeg 969w, https:\/\/eventos.abcm.org.br\/conem2024\/content\/uploads\/2024\/07\/WhatsApp-Image-2024-07-15-at-14.03.18.jpeg 1125w\" sizes=\"auto, (max-width: 660px) 100vw, 660px\" \/><\/p>\n<p><strong>Valor: R$ 100,00*<\/strong><\/p>\n<p>Inclui toda comida, \u00e1gua (com e sem g\u00e1s), Coca-Cola, Guaran\u00e1, e 3 tipos de sucos.<\/p>\n<p>*Crian\u00e7as de 0 a 5 anos n\u00e3o pagam<br \/>\nCrian\u00e7as de 6 a 10 anos pagam 60% do valor do rodizio<br \/>\nCrian\u00e7as acima de 11 anos pagam o valor integral do rodizio.<\/p>\n<p>&nbsp;<\/p>\n<p><strong>Local do jantar:<\/strong><\/p>\n<p>Sal e Brasa<\/p>\n<p>Av. Eng. Roberto Freire, 1070 &#8211; Natal\/RN<\/p>\n<p>&nbsp;<\/p>\n<p>Inscri\u00e7\u00f5es atrav\u00e9s do e-mail <a href=\"mailto:abcm@abcm.org.br\">abcm@abcm.org.br<\/a><\/p>\n<p>&nbsp;<\/p>\n<p>Aproveite este momento de confraterniza\u00e7\u00e3o.<\/p>\n","protected":false},"excerpt":{"rendered":"<p>O Jantar de Confraterniza\u00e7\u00e3o acontece no dia 01 de agosto, quinta, das 19h30 \u00e0s 22h30 (3 horas de servi\u00e7o). Rod\u00edzio de carnes acompanhado do buffet completo com saladas, pratos quentes, guarni\u00e7\u00f5es, frios e sushi. No buffet temos op\u00e7\u00f5es de massas, de frutos do mar (2 op\u00e7\u00f5es de peixes e 1 op\u00e7\u00e3o de camar\u00e3o), nossa variedade [&hellip;]<\/p>\n","protected":false},"author":1,"featured_media":0,"parent":0,"menu_order":0,"comment_status":"closed","ping_status":"closed","template":"","meta":{"footnotes":""},"class_list":["post-2447","page","type-page","status-publish","hentry"],"_links":{"self":[{"href":"https:\/\/eventos.abcm.org.br\/conem2024\/wp-json\/wp\/v2\/pages\/2447","targetHints":{"allow":["GET"]}}],"collection":[{"href":"https:\/\/eventos.abcm.org.br\/conem2024\/wp-json\/wp\/v2\/pages"}],"about":[{"href":"https:\/\/eventos.abcm.org.br\/conem2024\/wp-json\/wp\/v2\/types\/page"}],"author":[{"embeddable":true,"href":"https:\/\/eventos.abcm.org.br\/conem2024\/wp-json\/wp\/v2\/users\/1"}],"replies":[{"embeddable":true,"href":"https:\/\/eventos.abcm.org.br\/conem2024\/wp-json\/wp\/v2\/comments?post=2447"}],"version-history":[{"count":6,"href":"https:\/\/eventos.abcm.org.br\/conem2024\/wp-json\/wp\/v2\/pages\/2447\/revisions"}],"predecessor-version":[{"id":2604,"href":"https:\/\/eventos.abcm.org.br\/conem2024\/wp-json\/wp\/v2\/pages\/2447\/revisions\/2604"}],"wp:attachment":[{"href":"https:\/\/eventos.abcm.org.br\/conem2024\/wp-json\/wp\/v2\/media?parent=2447"}],"curies":[{"name":"wp","href":"https:\/\/api.w.org\/{rel}","templated":true}]}}