{"id":1502,"date":"2021-08-17T15:07:39","date_gmt":"2021-08-17T18:07:39","guid":{"rendered":"https:\/\/eventos.abcm.org.br\/creem2022\/?page_id=1502"},"modified":"2021-08-17T15:07:39","modified_gmt":"2021-08-17T18:07:39","slug":"programa-tecnico","status":"publish","type":"page","link":"https:\/\/eventos.abcm.org.br\/creem2022\/program\/programa-tecnico\/","title":{"rendered":"Programa T\u00e9cnico"},"content":{"rendered":"<p>O XXVIII Congresso Nacional de Estudantes de Engenharia Mec\u00e2nica abrange as seguintes \u00e1reas:<\/p>\n<p>&#8211; Ac\u00fastica e Vibra\u00e7\u00f5es<br \/>\n&#8211; Aquecimento, Ventila\u00e7\u00e3o e Refrigera\u00e7\u00e3o<br \/>\n&#8211; Bioengenharia e Biomim\u00e9tica<br \/>\n&#8211; Din\u00e2mica de Voo e Controle<br \/>\n&#8211; Din\u00e2mica Veicular<br \/>\n&#8211; Engenharia Ambiental<br \/>\n&#8211; Engenharia de Produto e Metodologia de Projeto de Produtos<br \/>\n&#8211; Engenharia de Superf\u00edcie e Tribologia<br \/>\n&#8211; Engenharia e Ci\u00eancias de Materiais<br \/>\n&#8211; Engenharia Econ\u00f4mica<br \/>\n&#8211; Engenharia Nuclear<br \/>\n&#8211; Engenharia Offshore e Petrol\u00edfera<br \/>\n&#8211; Ergonomia e Seguran\u00e7a do Trabalho<br \/>\n&#8211; Fen\u00f4menos n\u00e3o Lineares<br \/>\n&#8211; Gerenciamento de Res\u00edduos S\u00f3lidos<br \/>\n&#8211; Gest\u00e3o e Log\u00edstica<br \/>\n&#8211; Ind\u00fastria 4.0<br \/>\n&#8211; Integridade de Estruturas<br \/>\n&#8211; Materiais e Estruturas Inteligentes<br \/>\n&#8211; Mec\u00e2nica dos Fluidos e Reologia<br \/>\n&#8211; Mec\u00e2nica dos S\u00f3lidos<br \/>\n&#8211; Mecatr\u00f4nica e Automa\u00e7\u00e3o<br \/>\n&#8211; Meio Ambiente, Energia e Sustentabilidade<br \/>\n&#8211; Motores, Propulsores e Emiss\u00f5es<br \/>\n&#8211; Nano, Microflu\u00eddica e Microssistema<br \/>\n&#8211; Processos de Fabrica\u00e7\u00e3o e Manufatura<br \/>\n&#8211; Projetos e Sistemas Espaciais<br \/>\n&#8211; Quantifica\u00e7\u00e3o de Incertezas e Modelagem Estoc\u00e1stica<br \/>\n&#8211; Simula\u00e7\u00f5es Computacionais<br \/>\n&#8211; Sistemas de Qualidade e Produtivo<br \/>\n&#8211; Sistemas El\u00e9tricos, Eletr\u00f4nicos e Microcontroladores<br \/>\n&#8211; Termodin\u00e2mica<br \/>\n&#8211; Tubula\u00e7\u00e3o e Vasos de Press\u00e3o<\/p>\n","protected":false},"excerpt":{"rendered":"<p>O XXVIII Congresso Nacional de Estudantes de Engenharia Mec\u00e2nica abrange as seguintes \u00e1reas: &#8211; Ac\u00fastica e Vibra\u00e7\u00f5es &#8211; Aquecimento, Ventila\u00e7\u00e3o e Refrigera\u00e7\u00e3o &#8211; Bioengenharia e Biomim\u00e9tica &#8211; Din\u00e2mica de Voo e Controle &#8211; Din\u00e2mica Veicular &#8211; Engenharia Ambiental &#8211; Engenharia de Produto e Metodologia de Projeto de Produtos &#8211; Engenharia de Superf\u00edcie e Tribologia &#8211; [&hellip;]<\/p>\n","protected":false},"author":1,"featured_media":0,"parent":339,"menu_order":0,"comment_status":"closed","ping_status":"closed","template":"","meta":{"footnotes":""},"class_list":["post-1502","page","type-page","status-publish","hentry"],"_links":{"self":[{"href":"https:\/\/eventos.abcm.org.br\/creem2022\/wp-json\/wp\/v2\/pages\/1502","targetHints":{"allow":["GET"]}}],"collection":[{"href":"https:\/\/eventos.abcm.org.br\/creem2022\/wp-json\/wp\/v2\/pages"}],"about":[{"href":"https:\/\/eventos.abcm.org.br\/creem2022\/wp-json\/wp\/v2\/types\/page"}],"author":[{"embeddable":true,"href":"https:\/\/eventos.abcm.org.br\/creem2022\/wp-json\/wp\/v2\/users\/1"}],"replies":[{"embeddable":true,"href":"https:\/\/eventos.abcm.org.br\/creem2022\/wp-json\/wp\/v2\/comments?post=1502"}],"version-history":[{"count":1,"href":"https:\/\/eventos.abcm.org.br\/creem2022\/wp-json\/wp\/v2\/pages\/1502\/revisions"}],"predecessor-version":[{"id":1503,"href":"https:\/\/eventos.abcm.org.br\/creem2022\/wp-json\/wp\/v2\/pages\/1502\/revisions\/1503"}],"up":[{"embeddable":true,"href":"https:\/\/eventos.abcm.org.br\/creem2022\/wp-json\/wp\/v2\/pages\/339"}],"wp:attachment":[{"href":"https:\/\/eventos.abcm.org.br\/creem2022\/wp-json\/wp\/v2\/media?parent=1502"}],"curies":[{"name":"wp","href":"https:\/\/api.w.org\/{rel}","templated":true}]}}