{"id":1319,"date":"2025-04-28T09:40:47","date_gmt":"2025-04-28T12:40:47","guid":{"rendered":"https:\/\/eventos.abcm.org.br\/eeei2025\/?page_id=1319"},"modified":"2026-04-15T09:58:57","modified_gmt":"2026-04-15T12:58:57","slug":"inscricao","status":"publish","type":"page","link":"https:\/\/eventos.abcm.org.br\/edin2026\/inscricao\/","title":{"rendered":"Inscri\u00e7\u00e3o"},"content":{"rendered":"\n    \n        <section class=\"banner-int \" style=\"background-image: url('https:\/\/eventos.abcm.org.br\/edin2026\/wp-content\/uploads\/2026\/01\/Design-sem-nome.png');\">\n            <div class=\"container-content\">\n                <h2>Inscri\u00e7\u00e3o<\/h2>\n                <h3>2<sup>\u00aa<\/sup> Escola em Din\u00e2mica<\/h3>\n            <\/div>\n        <\/section>\n\n    \n\n\n\n    <section class=\"\">\n        <div class=\"container-content\">\n            <div class=\"block-text-title \">\n                <h2 class=\"title\"><\/h2>\n                <p>A participa\u00e7\u00e3o na II Escola em Din\u00e2mica ser\u00e1 gratuita. Para solicitar sua inscri\u00e7\u00e3o, preencha o formul\u00e1rio disponibilizado nesta p\u00e1gina. As inscri\u00e7\u00f5es ser\u00e3o concedidas por ordem de solicita\u00e7\u00e3o, at\u00e9 o preenchimento das vagas dispon\u00edveis. A confirma\u00e7\u00e3o da inscri\u00e7\u00e3o ser\u00e1 enviada por e-mail.<br \/>\r\n<br \/>\r\nO principal objetivo da escola \u00e9 consolidar conceitos fundamentais da \u00e1rea de din\u00e2mica, por isso, a participa\u00e7\u00e3o n\u00e3o requer a publica\u00e7\u00e3o ou apresenta\u00e7\u00e3o de trabalhos. No entanto, para aqueles interessados em participar da sess\u00e3o de p\u00f4steres, acessem o <a href=\"https:\/\/eventos.abcm.org.br\/edin2026\/submissao\/\">link<\/a> para submiss\u00e3o de resumos.<br \/>\r\n<br \/>\r\n&nbsp;<br \/>\r\n<br \/>\r\n<strong>Formul\u00e1rio de Inscri\u00e7\u00f5es:<br \/>\r\n<\/strong><a href=\"https:\/\/forms.gle\/z35PGq6LCos21GRd6\">https:\/\/forms.gle\/z35PGq6LCos21GRd6<\/a><strong><br \/>\r\n<\/strong><br \/>\r\n<br \/>\r\n&nbsp;<br \/>\r\n<br \/>\r\nGaranta <strong>cr\u00e9ditos acad\u00eamicos<\/strong> com a sua participa\u00e7\u00e3o na EDIN 2026!<br \/>\r\n<br \/>\r\nOs participantes da EDIN 2026 tamb\u00e9m poder\u00e3o transformar essa experi\u00eancia em cr\u00e9ditos acad\u00eamicos para seus programas de p\u00f3s-gradua\u00e7\u00e3o de origem.<br \/>\r\n<br \/>\r\nPara isso, \u00e9 poss\u00edvel realizar matr\u00edcula como aluno especial no Programa de P\u00f3s-Gradua\u00e7\u00e3o em Engenharia Mec\u00e2nica (PPGEM) da UNESP \u2013 Ilha Solteira, seguindo o edital:<br \/>\r\n<br \/>\r\n<a href=\"http:\/\/eventos.abcm.org.br\/edin2026\/wp-content\/uploads\/2026\/04\/edital-102026-especiais-ppgem-disciplina-condensadas-julho-2-1.pdf\">edital-102026-especiais-ppgem-disciplina-condensadas-julho<\/a><br \/>\r\n<br \/>\r\n<strong>Per\u00edodo de inscri\u00e7\u00e3o<\/strong>: das 8h do dia 01\/05\/2026 at\u00e9 as 23h59 do dia 21\/06\/2026.<br \/>\r\n<br \/>\r\nEssa \u00e9 uma excelente oportunidade para ampliar sua forma\u00e7\u00e3o e, ao mesmo tempo, obter cr\u00e9ditos que poder\u00e3o ser posteriormente aproveitados em seu programa de p\u00f3s-gradua\u00e7\u00e3o.<br \/>\r\n<br \/>\r\n<strong><br \/>\r\nTemplate do poster:<\/strong><br \/>\r\n<br \/>\r\n<a href=\"http:\/\/eventos.abcm.org.br\/edin2026\/wp-content\/uploads\/2026\/03\/EDIN_2026_poster.zip\">Template LaTex<\/a><br \/>\r\n<br \/>\r\n<a href=\"http:\/\/eventos.abcm.org.br\/edin2026\/wp-content\/uploads\/2026\/03\/TEMPLATE_POSTER_EDIN_2026.pptx\">Template PowerPoint<\/a><\/p>\n            <\/div>\n        <\/div>\n    <\/section>\n\n\n\n\n<div style=\"height:100px\" aria-hidden=\"true\" class=\"wp-block-spacer\"><\/div>\n","protected":false},"excerpt":{"rendered":"","protected":false},"author":1,"featured_media":0,"parent":0,"menu_order":0,"comment_status":"closed","ping_status":"closed","template":"","meta":{"footnotes":""},"class_list":["post-1319","page","type-page","status-publish","hentry"],"_links":{"self":[{"href":"https:\/\/eventos.abcm.org.br\/edin2026\/wp-json\/wp\/v2\/pages\/1319","targetHints":{"allow":["GET"]}}],"collection":[{"href":"https:\/\/eventos.abcm.org.br\/edin2026\/wp-json\/wp\/v2\/pages"}],"about":[{"href":"https:\/\/eventos.abcm.org.br\/edin2026\/wp-json\/wp\/v2\/types\/page"}],"author":[{"embeddable":true,"href":"https:\/\/eventos.abcm.org.br\/edin2026\/wp-json\/wp\/v2\/users\/1"}],"replies":[{"embeddable":true,"href":"https:\/\/eventos.abcm.org.br\/edin2026\/wp-json\/wp\/v2\/comments?post=1319"}],"version-history":[{"count":24,"href":"https:\/\/eventos.abcm.org.br\/edin2026\/wp-json\/wp\/v2\/pages\/1319\/revisions"}],"predecessor-version":[{"id":1753,"href":"https:\/\/eventos.abcm.org.br\/edin2026\/wp-json\/wp\/v2\/pages\/1319\/revisions\/1753"}],"wp:attachment":[{"href":"https:\/\/eventos.abcm.org.br\/edin2026\/wp-json\/wp\/v2\/media?parent=1319"}],"curies":[{"name":"wp","href":"https:\/\/api.w.org\/{rel}","templated":true}]}}