{"id":178,"date":"2024-02-23T14:43:03","date_gmt":"2024-02-23T17:43:03","guid":{"rendered":"http:\/\/localhost\/abcm-wp-event\/?page_id=178"},"modified":"2026-02-12T15:40:54","modified_gmt":"2026-02-12T18:40:54","slug":"programa","status":"publish","type":"page","link":"https:\/\/eventos.abcm.org.br\/edin2026\/programa\/","title":{"rendered":"Programa\u00e7\u00e3o"},"content":{"rendered":"\n    \n        <section class=\"banner-int \" style=\"background-image: url('https:\/\/eventos.abcm.org.br\/edin2026\/wp-content\/uploads\/2026\/01\/Design-sem-nome.png');\">\n            <div class=\"container-content\">\n                <h2>Programa\u00e7\u00e3o<\/h2>\n                <h3>2<sup>\u00aa<\/sup> Escola em Din\u00e2mica<\/h3>\n            <\/div>\n        <\/section>\n\n    \n\n\n\n    <section class=\"\">\n        <div class=\"container-content\">\n            <div class=\"block-text-title \">\n                <h2 class=\"title\"><\/h2>\n                <p>O conte\u00fado da <strong>2\u00aa EDIN<\/strong> foi organizado em seis m\u00f3dulos, contemplando: <strong>Din\u00e2mica Cl\u00e1ssica, <\/strong><strong>Processamento de Sinais, Vibra\u00e7\u00f5es e An\u00e1lise Modal Experimental, Din\u00e2mica N\u00e3o Linear, Controle <\/strong><strong>de Sistemas Mec\u00e2nicos <\/strong>e<strong> Aprendizado de M\u00e1quina aplicado \u00e0 Din\u00e2mica<\/strong>. A programa\u00e7\u00e3o com os instrutores \u00e9 apresentada a seguir:<br \/>\r\n<br \/>\r\n1. <strong>Din\u00e2mica Cl\u00e1ssica (DC) \u2014 Domingos Alves Rade (ITA) \u2014 8 horas<\/strong><br \/>\r\n<br \/>\r\n<img loading=\"lazy\" decoding=\"async\" class=\"wp-image-1582 size-thumbnail alignleft\" src=\"http:\/\/eventos.abcm.org.br\/edin2026\/wp-content\/uploads\/2026\/01\/Rade-e1769521853869-150x150.jpg\" alt=\"\" width=\"150\" height=\"150\" \/><br \/>\r\na) Mec\u00e2nica newtoniana: din\u00e2mica da part\u00edcula e de sistemas de part\u00edculas<br \/>\r\nb) Din\u00e2mica do corpo r\u00edgido em duas e tr\u00eas dimens\u00f5es<br \/>\r\nc) Din\u00e2mica de sistemas h\u00edbridos r\u00edgidos\/flex\u00edveis<br \/>\r\nd) Mec\u00e2nica anal\u00edtica: princ\u00edpio de Hamilton e equa\u00e7\u00f5es de Lagrange<br \/>\r\ne) Estudo de exemplos e aplica\u00e7\u00f5es<br \/>\r\n<br \/>\r\n2. <strong>Processamento de Sinais (PS) \u2014 Adriano Todorovic Fabro (UnB) \u2014 4 horas<\/strong><br \/>\r\n<br \/>\r\n<img loading=\"lazy\" decoding=\"async\" class=\"wp-image-1578 size-thumbnail alignleft\" src=\"http:\/\/eventos.abcm.org.br\/edin2026\/wp-content\/uploads\/2026\/01\/Adriano-150x150.jpg\" alt=\"\" width=\"150\" height=\"150\" \/><br \/>\r\na) S\u00e9ries e transformada de Fourier<br \/>\r\nb) Sistemas lineares<br \/>\r\nc) Amostragem, aliasing e TDF<br \/>\r\nd) Processos estoc\u00e1sticos<br \/>\r\ne) Estima\u00e7\u00e3o de FRF e erros estat\u00edsticos<br \/>\r\n<br \/>\r\n3. <strong>Vibra\u00e7\u00f5es e An\u00e1lise Modal Experimental (AME) \u2014 Paulo Sergio Varoto (USP) \u2014 6 horas<\/strong><br \/>\r\n<br \/>\r\n<img loading=\"lazy\" decoding=\"async\" class=\"wp-image-1577 size-thumbnail alignleft\" src=\"http:\/\/eventos.abcm.org.br\/edin2026\/wp-content\/uploads\/2026\/01\/unnamed-150x150.jpg\" alt=\"\" width=\"150\" height=\"150\" \/><br \/>\r\na) Revis\u00e3o de conceitos fundamentais de din\u00e2mica estrutural: sistemas com 1 e N GDL, resposta em frequ\u00eancia e modelos de amortecimento<br \/>\r\nb) T\u00e9cnicas experimentais de medi\u00e7\u00e3o em an\u00e1lise modal experimental: sensores e m\u00e9todos de excita\u00e7\u00e3o (shakers e martelo de impacto)<br \/>\r\nc) Introdu\u00e7\u00e3o \u00e0 identifica\u00e7\u00e3o de par\u00e2metros modais nos dom\u00ednios do tempo e da frequ\u00eancia (com \u00eanfase em m\u00e9todos no dom\u00ednio da frequ\u00eancia)<br \/>\r\nd) Introdu\u00e7\u00e3o a t\u00e9cnicas de V&amp;V (verifica\u00e7\u00e3o e valida\u00e7\u00e3o) de modelos, com inclus\u00e3o de incertezas<br \/>\r\ne) Demonstra\u00e7\u00f5es experimentais (\u201chands-on\u201d)<br \/>\r\n<br \/>\r\n4. <strong>Din\u00e2mica N\u00e3o Linear (DNL) \u2014 Aline de Paula (UnB) \u2014 4 horas<\/strong><br \/>\r\n<br \/>\r\n<img loading=\"lazy\" decoding=\"async\" class=\"alignleft wp-image-1580 size-thumbnail\" src=\"http:\/\/eventos.abcm.org.br\/edin2026\/wp-content\/uploads\/2026\/01\/enm-aline-souza-paula-e1769521908997-150x150.jpg\" alt=\"\" width=\"150\" height=\"150\" \/><br \/>\r\na) Introdu\u00e7\u00e3o: Revis\u00e3o hist\u00f3rica; sistemas f\u00edsicos n\u00e3o lineares.<br \/>\r\nb) Fundamenta\u00e7\u00e3o Te\u00f3rica: Sistemas din\u00e2micos; espa\u00e7o de fase; mapa de Poincar\u00e9; equival\u00eancia topol\u00f3gica; estabilidade; lineariza\u00e7\u00e3o; pontos de equil\u00edbrio; variedades; comportamento assint\u00f3tico.<br \/>\r\nc) Teoria do Caos: Transforma\u00e7\u00e3o da ferradura; conjunto de Cantor; dimens\u00e3o fractal; atratores estranhos e ca\u00f3ticos; invariantes geom\u00e9tricos; bifurca\u00e7\u00f5es.<br \/>\r\nd) An\u00e1lise de S\u00e9ries Temporais: Reconstru\u00e7\u00e3o do espa\u00e7o de estado; predi\u00e7\u00e3o; controle de caos.<br \/>\r\n<br \/>\r\n5. <strong>Controle de Sistemas Din\u00e2micos (CSD) \u2014 Ma\u00edra Martins da Silva (USP) \u2014 4 horas<\/strong><br \/>\r\n<br \/>\r\n<img loading=\"lazy\" decoding=\"async\" class=\"wp-image-1581 size-thumbnail alignleft\" src=\"http:\/\/eventos.abcm.org.br\/edin2026\/wp-content\/uploads\/2026\/01\/Maira-150x150.jpg\" alt=\"\" width=\"150\" height=\"150\" srcset=\"https:\/\/eventos.abcm.org.br\/edin2026\/wp-content\/uploads\/2026\/01\/Maira-150x150.jpg 150w, https:\/\/eventos.abcm.org.br\/edin2026\/wp-content\/uploads\/2026\/01\/Maira-298x300.jpg 298w, https:\/\/eventos.abcm.org.br\/edin2026\/wp-content\/uploads\/2026\/01\/Maira.jpg 720w\" sizes=\"auto, (max-width: 150px) 100vw, 150px\" \/><br \/>\r\na) Fun\u00e7\u00e3o de transfer\u00eancia em malha fechada<br \/>\r\nb) Crit\u00e9rios de estabilidade e desempenho<br \/>\r\nc) Otimiza\u00e7\u00e3o e projeto de sistemas de controle<br \/>\r\nd) Implementa\u00e7\u00e3o de sistemas de controle<br \/>\r\n<br \/>\r\n6. <strong>Aprendizado de M\u00e1quina aplicado \u00e0 Din\u00e2mica (AMD) \u2014 Am\u00e9rico Cunha (UERJ e LNCC) \u2014 4 horas<\/strong><br \/>\r\n<br \/>\r\n<img loading=\"lazy\" decoding=\"async\" class=\"wp-image-1579 size-thumbnail alignleft\" src=\"http:\/\/eventos.abcm.org.br\/edin2026\/wp-content\/uploads\/2026\/01\/Americo-150x150.jpg\" alt=\"\" width=\"150\" height=\"150\" srcset=\"https:\/\/eventos.abcm.org.br\/edin2026\/wp-content\/uploads\/2026\/01\/Americo-150x150.jpg 150w, https:\/\/eventos.abcm.org.br\/edin2026\/wp-content\/uploads\/2026\/01\/Americo.jpg 256w\" sizes=\"auto, (max-width: 150px) 100vw, 150px\" \/><br \/>\r\na) Introdu\u00e7\u00e3o \u00e0 Modelagem Data-Driven de Sistemas Din\u00e2micos<br \/>\r\nb) Decomposi\u00e7\u00e3o em Modos Din\u00e2micos<br \/>\r\nc) SINDy \u2013 Descoberta de Modelos Din\u00e2micos por Regress\u00e3o Esparsa<br \/>\r\nd) Redes de Reservat\u00f3rio<br \/>\r\n<br \/>\r\n<strong>Detalhamento dos m\u00f3dulos<br \/>\r\n<\/strong><a href=\"http:\/\/eventos.abcm.org.br\/edin2026\/wp-content\/uploads\/2026\/02\/Resumos.pdf\">Resumo das apresenta\u00e7\u00f5es<\/a><br \/>\r\n<br \/>\r\n<strong>Total de instru\u00e7\u00e3o:<\/strong> 30 horas de atividades de ensino em din\u00e2mica de estruturas.<br \/>\r\n<br \/>\r\n<img loading=\"lazy\" decoding=\"async\" class=\"aligncenter size-full wp-image-1513\" src=\"http:\/\/eventos.abcm.org.br\/edin2026\/wp-content\/uploads\/2026\/01\/WhatsApp-Image-2026-01-27-at-09.48.59.jpeg\" alt=\"\" width=\"1290\" height=\"1190\" srcset=\"https:\/\/eventos.abcm.org.br\/edin2026\/wp-content\/uploads\/2026\/01\/WhatsApp-Image-2026-01-27-at-09.48.59.jpeg 1290w, https:\/\/eventos.abcm.org.br\/edin2026\/wp-content\/uploads\/2026\/01\/WhatsApp-Image-2026-01-27-at-09.48.59-300x277.jpeg 300w, https:\/\/eventos.abcm.org.br\/edin2026\/wp-content\/uploads\/2026\/01\/WhatsApp-Image-2026-01-27-at-09.48.59-1024x945.jpeg 1024w, https:\/\/eventos.abcm.org.br\/edin2026\/wp-content\/uploads\/2026\/01\/WhatsApp-Image-2026-01-27-at-09.48.59-768x708.jpeg 768w\" sizes=\"auto, (max-width: 1290px) 100vw, 1290px\" \/><\/p>\n            <\/div>\n        <\/div>\n    <\/section>\n\n\n\n\n<div style=\"height:150px\" aria-hidden=\"true\" class=\"wp-block-spacer\"><\/div>\n","protected":false},"excerpt":{"rendered":"","protected":false},"author":1,"featured_media":0,"parent":0,"menu_order":0,"comment_status":"closed","ping_status":"closed","template":"","meta":{"footnotes":""},"class_list":["post-178","page","type-page","status-publish","hentry"],"_links":{"self":[{"href":"https:\/\/eventos.abcm.org.br\/edin2026\/wp-json\/wp\/v2\/pages\/178","targetHints":{"allow":["GET"]}}],"collection":[{"href":"https:\/\/eventos.abcm.org.br\/edin2026\/wp-json\/wp\/v2\/pages"}],"about":[{"href":"https:\/\/eventos.abcm.org.br\/edin2026\/wp-json\/wp\/v2\/types\/page"}],"author":[{"embeddable":true,"href":"https:\/\/eventos.abcm.org.br\/edin2026\/wp-json\/wp\/v2\/users\/1"}],"replies":[{"embeddable":true,"href":"https:\/\/eventos.abcm.org.br\/edin2026\/wp-json\/wp\/v2\/comments?post=178"}],"version-history":[{"count":132,"href":"https:\/\/eventos.abcm.org.br\/edin2026\/wp-json\/wp\/v2\/pages\/178\/revisions"}],"predecessor-version":[{"id":1730,"href":"https:\/\/eventos.abcm.org.br\/edin2026\/wp-json\/wp\/v2\/pages\/178\/revisions\/1730"}],"wp:attachment":[{"href":"https:\/\/eventos.abcm.org.br\/edin2026\/wp-json\/wp\/v2\/media?parent=178"}],"curies":[{"name":"wp","href":"https:\/\/api.w.org\/{rel}","templated":true}]}}