{"id":2126,"date":"2023-07-18T14:21:05","date_gmt":"2023-07-18T17:21:05","guid":{"rendered":"https:\/\/eventos.abcm.org.br\/ee2023\/?page_id=2126"},"modified":"2023-07-18T14:22:16","modified_gmt":"2023-07-18T17:22:16","slug":"local","status":"publish","type":"page","link":"https:\/\/eventos.abcm.org.br\/ee2023\/local\/","title":{"rendered":"Local"},"content":{"rendered":"<h4>LOCAL DO EVENTO:<\/h4>\n<p><strong>Audit\u00f3rio Prof. Francisco Romeu Landi<\/strong><br \/>\nEdif\u00edcio Mario Covas &#8211; Administra\u00e7\u00e3o da Escola Polit\u00e9cnica da USP<br \/>\nAv. Prof. Luciano Gualberto, Travessa do Polit\u00e9cnico, n\u00ba 380<br \/>\n05508-010 \u2013 Cidade Universit\u00e1ria, S\u00e3o Paulo, SP<br \/>\nComo chegar:\u00a0<a href=\"https:\/\/goo.gl\/maps\/ZAEYfaBLUGkxKYdr8\" target=\"_blank\" rel=\"noopener\">https:\/\/goo.gl\/maps\/ZAEYfaBLUGkxKYdr8<\/a><\/p>\n","protected":false},"excerpt":{"rendered":"<p>LOCAL DO EVENTO: Audit\u00f3rio Prof. Francisco Romeu Landi Edif\u00edcio Mario Covas &#8211; Administra\u00e7\u00e3o da Escola Polit\u00e9cnica da USP Av. Prof. Luciano Gualberto, Travessa do Polit\u00e9cnico, n\u00ba 380 05508-010 \u2013 Cidade Universit\u00e1ria, S\u00e3o Paulo, SP Como chegar:\u00a0https:\/\/goo.gl\/maps\/ZAEYfaBLUGkxKYdr8<\/p>\n","protected":false},"author":1,"featured_media":0,"parent":0,"menu_order":0,"comment_status":"closed","ping_status":"closed","template":"","meta":{"footnotes":""},"class_list":["post-2126","page","type-page","status-publish","hentry"],"_links":{"self":[{"href":"https:\/\/eventos.abcm.org.br\/ee2023\/wp-json\/wp\/v2\/pages\/2126","targetHints":{"allow":["GET"]}}],"collection":[{"href":"https:\/\/eventos.abcm.org.br\/ee2023\/wp-json\/wp\/v2\/pages"}],"about":[{"href":"https:\/\/eventos.abcm.org.br\/ee2023\/wp-json\/wp\/v2\/types\/page"}],"author":[{"embeddable":true,"href":"https:\/\/eventos.abcm.org.br\/ee2023\/wp-json\/wp\/v2\/users\/1"}],"replies":[{"embeddable":true,"href":"https:\/\/eventos.abcm.org.br\/ee2023\/wp-json\/wp\/v2\/comments?post=2126"}],"version-history":[{"count":2,"href":"https:\/\/eventos.abcm.org.br\/ee2023\/wp-json\/wp\/v2\/pages\/2126\/revisions"}],"predecessor-version":[{"id":2129,"href":"https:\/\/eventos.abcm.org.br\/ee2023\/wp-json\/wp\/v2\/pages\/2126\/revisions\/2129"}],"wp:attachment":[{"href":"https:\/\/eventos.abcm.org.br\/ee2023\/wp-json\/wp\/v2\/media?parent=2126"}],"curies":[{"name":"wp","href":"https:\/\/api.w.org\/{rel}","templated":true}]}}