{"id":1917,"date":"2021-10-28T11:41:38","date_gmt":"2021-10-28T14:41:38","guid":{"rendered":"https:\/\/eventos.abcm.org.br\/enebi2022\/?page_id=1917"},"modified":"2024-08-14T17:34:49","modified_gmt":"2024-08-14T20:34:49","slug":"areas-tematicas","status":"publish","type":"page","link":"https:\/\/eventos.abcm.org.br\/eptt2024\/sobre\/areas-tematicas\/","title":{"rendered":"Acomoda\u00e7\u00e3o"},"content":{"rendered":"<h3>Algumas acomoda\u00e7\u00f5es sugeridas, pr\u00f3ximas ao local do evento, est\u00e3o listadas abaixo:<\/h3>\n<p><strong>Hotel L\u00edbero<\/strong> &#8211; Rua Get\u00falio Vargas, 38 \u2013 Centro | (19) 3631-0167<br \/>\n<a href=\"https:\/\/www.liberohotel.com.br\/pt-br\/\">https:\/\/www.liberohotel.com.br\/pt-br\/<\/a><\/p>\n<p><strong>Hotel Giordano<\/strong> &#8211; Rua Benjamin Constant, 370 &#8211; Centro | (19) 3633-1844<br \/>\n<a href=\"https:\/\/hotelgiordano.com.br\/\">https:\/\/hotelgiordano.com.br\/<\/a><\/p>\n<p><strong>Hotel Giordano Mantiqueira<\/strong> &#8211; Rua Jo\u00e3o Cassiano Neto, 110 &#8211; Jd. Santarem | (19) 3633-4546<br \/>\n<a href=\"https:\/\/giordanomantiqueira.com.br\/\">https:\/\/giordanomantiqueira.com.br\/<\/a><\/p>\n<p><strong>Hotel Mans\u00e3o dos Nobres<\/strong> &#8211; R. Jo\u00e3o Paulo II, 55 &#8211; Vila Estrela | (19) 3633-4245<br \/>\n<a href=\"https:\/\/www.instagram.com\/mansaodosnobres\/\">https:\/\/www.instagram.com\/mansaodosnobres\/<\/a><\/p>\n<p><strong>Hotel Bandeirantes SJBV<\/strong><br \/>\nR. Sen. Saraiva, 137 \u2013 Centro | (19) 99754-4415<\/p>\n<p><strong>Hotel Magn\u00f3lia<\/strong> &#8211; R. Tiradentes, 270 \u2013 Ros\u00e1rio | (19) 97410-1722<\/p>\n<p><strong>Manezinho\u00b4s Palace Hotel<\/strong> &#8211; Rua Coronel Jos\u00e9 Proc\u00f3pio, 406 &#8211; Perp\u00e9tuo Socorro | (19) 3633-4990<\/p>\n<p><strong>Hotel Central<\/strong> &#8211; Rua Saldanha Marinho, 597 \u2013 Centro | (19)3622-2343<\/p>\n<p><strong>Recanto Esta\u00e7\u00e3o<\/strong>&#8211; Rua Am\u00e9rico Budri &#8211; Jardim dos Eucaliptos | (19)97143-8998<\/p>\n","protected":false},"excerpt":{"rendered":"<p>Algumas acomoda\u00e7\u00f5es sugeridas, pr\u00f3ximas ao local do evento, est\u00e3o listadas abaixo: Hotel L\u00edbero &#8211; Rua Get\u00falio Vargas, 38 \u2013 Centro | (19) 3631-0167 https:\/\/www.liberohotel.com.br\/pt-br\/ Hotel Giordano &#8211; Rua Benjamin Constant, 370 &#8211; Centro | (19) 3633-1844 https:\/\/hotelgiordano.com.br\/ Hotel Giordano Mantiqueira &#8211; Rua Jo\u00e3o Cassiano Neto, 110 &#8211; Jd. Santarem | (19) 3633-4546 https:\/\/giordanomantiqueira.com.br\/ Hotel Mans\u00e3o [&hellip;]<\/p>\n","protected":false},"author":1,"featured_media":0,"parent":8,"menu_order":0,"comment_status":"closed","ping_status":"closed","template":"","meta":{"footnotes":""},"class_list":["post-1917","page","type-page","status-publish","hentry"],"_links":{"self":[{"href":"https:\/\/eventos.abcm.org.br\/eptt2024\/wp-json\/wp\/v2\/pages\/1917","targetHints":{"allow":["GET"]}}],"collection":[{"href":"https:\/\/eventos.abcm.org.br\/eptt2024\/wp-json\/wp\/v2\/pages"}],"about":[{"href":"https:\/\/eventos.abcm.org.br\/eptt2024\/wp-json\/wp\/v2\/types\/page"}],"author":[{"embeddable":true,"href":"https:\/\/eventos.abcm.org.br\/eptt2024\/wp-json\/wp\/v2\/users\/1"}],"replies":[{"embeddable":true,"href":"https:\/\/eventos.abcm.org.br\/eptt2024\/wp-json\/wp\/v2\/comments?post=1917"}],"version-history":[{"count":8,"href":"https:\/\/eventos.abcm.org.br\/eptt2024\/wp-json\/wp\/v2\/pages\/1917\/revisions"}],"predecessor-version":[{"id":2282,"href":"https:\/\/eventos.abcm.org.br\/eptt2024\/wp-json\/wp\/v2\/pages\/1917\/revisions\/2282"}],"up":[{"embeddable":true,"href":"https:\/\/eventos.abcm.org.br\/eptt2024\/wp-json\/wp\/v2\/pages\/8"}],"wp:attachment":[{"href":"https:\/\/eventos.abcm.org.br\/eptt2024\/wp-json\/wp\/v2\/media?parent=1917"}],"curies":[{"name":"wp","href":"https:\/\/api.w.org\/{rel}","templated":true}]}}