{"id":1562,"date":"2026-03-03T08:53:37","date_gmt":"2026-03-03T11:53:37","guid":{"rendered":"https:\/\/eventos.abcm.org.br\/eptt2026\/?page_id=1562"},"modified":"2026-03-13T18:51:23","modified_gmt":"2026-03-13T21:51:23","slug":"keynotes","status":"publish","type":"page","link":"https:\/\/eventos.abcm.org.br\/eptt2026\/keynotes\/","title":{"rendered":"Keynotes"},"content":{"rendered":"\n    \n        <section class=\"banner-int \" style=\"background-image: url('https:\/\/eventos.abcm.org.br\/eptt2026\/wp-content\/uploads\/2026\/02\/eptt2026.jpg');\">\n            <div class=\"container-content\">\n                <h2>Keynotes<\/h2>\n                <h3>XV Escola de Primavera de Transi\u00e7\u00e3o e Turbul\u00eancia<\/h3>\n            <\/div>\n        <\/section>\n\n    \n\n\n\n            \n        \n            <section class=\"bg-gray page-section\">\n                <div class=\"container-content\">\n                    <h2 class=\"title\">International Keynotes<\/h2>\n\n                    <div class=\"block-accordion\">\n                        <div class=\"accordion-container\">\n\n                                                            <div class=\"ac\">\n                                    <div class=\"ac-header ac-trigger\">\n                                        <!-- classe no-image necess\u00e1ria caso n\u00e3o tenha imagem cadastrada -->\n                                                                                <div class=\"image \">\n                                                                                            <img decoding=\"async\" src=\"https:\/\/eventos.abcm.org.br\/eptt2026\/wp-content\/uploads\/2024\/02\/Fernando-e1772654181904.png\" alt=\"\">\n                                                                                    <\/div>\n                                        <div class=\"content\">\n                                            <h3>Fernando Zigunov<\/h3>\n                                            <span>Syracuse Univ.<\/span>\n                                            <p class=\"lecture\"><\/p>\n                                        <\/div>\n                                        <span class=\"icon-arrow_forward_ios arrow arrow-ac\"><\/span>\n                                    <\/div>\n                                    <div class=\"ac-panel\">\n                                        <div class=\"inner-content\">\n                                            <p><\/p>\n                                        <\/div>\n                                    <\/div>\n                                <\/div>\n                                                            <div class=\"ac\">\n                                    <div class=\"ac-header ac-trigger\">\n                                        <!-- classe no-image necess\u00e1ria caso n\u00e3o tenha imagem cadastrada -->\n                                                                                <div class=\"image \">\n                                                                                            <img decoding=\"async\" src=\"https:\/\/eventos.abcm.org.br\/eptt2026\/wp-content\/uploads\/2024\/02\/Jorge.png\" alt=\"\">\n                                                                                    <\/div>\n                                        <div class=\"content\">\n                                            <h3>Jorge Peixinho<\/h3>\n                                            <span>CNRS<\/span>\n                                            <p class=\"lecture\"><\/p>\n                                        <\/div>\n                                        <span class=\"icon-arrow_forward_ios arrow arrow-ac\"><\/span>\n                                    <\/div>\n                                    <div class=\"ac-panel\">\n                                        <div class=\"inner-content\">\n                                            <p><\/p>\n                                        <\/div>\n                                    <\/div>\n                                <\/div>\n                                                        \n                        <\/div>\n                    <\/div>\n                <\/div>\n            <\/section>\n\n        \n    \n\n\n\n            \n        \n            <section class=\"bg-gray page-section\">\n                <div class=\"container-content\">\n                    <h2 class=\"title\">National Keynotes<\/h2>\n\n                    <div class=\"block-accordion\">\n                        <div class=\"accordion-container\">\n\n                                                            <div class=\"ac\">\n                                    <div class=\"ac-header ac-trigger\">\n                                        <!-- classe no-image necess\u00e1ria caso n\u00e3o tenha imagem cadastrada -->\n                                                                                <div class=\"image \">\n                                                                                            <img decoding=\"async\" src=\"https:\/\/eventos.abcm.org.br\/eptt2026\/wp-content\/uploads\/2024\/02\/Alvaro.png\" alt=\"\">\n                                                                                    <\/div>\n                                        <div class=\"content\">\n                                            <h3>Prof. \u00c1lvaro Coutinho<\/h3>\n                                            <span>COPPE\/UFRJ<\/span>\n                                            <p class=\"lecture\"><\/p>\n                                        <\/div>\n                                        <span class=\"icon-arrow_forward_ios arrow arrow-ac\"><\/span>\n                                    <\/div>\n                                    <div class=\"ac-panel\">\n                                        <div class=\"inner-content\">\n                                            <p><\/p>\n                                        <\/div>\n                                    <\/div>\n                                <\/div>\n                                                            <div class=\"ac\">\n                                    <div class=\"ac-header ac-trigger\">\n                                        <!-- classe no-image necess\u00e1ria caso n\u00e3o tenha imagem cadastrada -->\n                                                                                <div class=\"image \">\n                                                                                            <img decoding=\"async\" src=\"https:\/\/eventos.abcm.org.br\/eptt2026\/wp-content\/uploads\/2024\/02\/Andre-e1772654103488.png\" alt=\"\">\n                                                                                    <\/div>\n                                        <div class=\"content\">\n                                            <h3>Prof. Andr\u00e9 V. G. Cavalieri<\/h3>\n                                            <span>ITA<\/span>\n                                            <p class=\"lecture\"><\/p>\n                                        <\/div>\n                                        <span class=\"icon-arrow_forward_ios arrow arrow-ac\"><\/span>\n                                    <\/div>\n                                    <div class=\"ac-panel\">\n                                        <div class=\"inner-content\">\n                                            <p><\/p>\n                                        <\/div>\n                                    <\/div>\n                                <\/div>\n                                                            <div class=\"ac\">\n                                    <div class=\"ac-header ac-trigger\">\n                                        <!-- classe no-image necess\u00e1ria caso n\u00e3o tenha imagem cadastrada -->\n                                                                                <div class=\"image \">\n                                                                                            <img decoding=\"async\" src=\"https:\/\/eventos.abcm.org.br\/eptt2026\/wp-content\/uploads\/2024\/02\/Aristeu.png\" alt=\"\">\n                                                                                    <\/div>\n                                        <div class=\"content\">\n                                            <h3>Prof. Aristeu da Silveira Neto<\/h3>\n                                            <span>UFU<\/span>\n                                            <p class=\"lecture\"><\/p>\n                                        <\/div>\n                                        <span class=\"icon-arrow_forward_ios arrow arrow-ac\"><\/span>\n                                    <\/div>\n                                    <div class=\"ac-panel\">\n                                        <div class=\"inner-content\">\n                                            <p><\/p>\n                                        <\/div>\n                                    <\/div>\n                                <\/div>\n                                                            <div class=\"ac\">\n                                    <div class=\"ac-header ac-trigger\">\n                                        <!-- classe no-image necess\u00e1ria caso n\u00e3o tenha imagem cadastrada -->\n                                                                                <div class=\"image \">\n                                                                                            <img decoding=\"async\" src=\"https:\/\/eventos.abcm.org.br\/eptt2026\/wp-content\/uploads\/2024\/02\/Livia.png\" alt=\"\">\n                                                                                    <\/div>\n                                        <div class=\"content\">\n                                            <h3>Prof. L\u00edvia Souza Freire Grion<\/h3>\n                                            <span>ICMC\/USP<\/span>\n                                            <p class=\"lecture\"><\/p>\n                                        <\/div>\n                                        <span class=\"icon-arrow_forward_ios arrow arrow-ac\"><\/span>\n                                    <\/div>\n                                    <div class=\"ac-panel\">\n                                        <div class=\"inner-content\">\n                                            <p><\/p>\n                                        <\/div>\n                                    <\/div>\n                                <\/div>\n                                                            <div class=\"ac\">\n                                    <div class=\"ac-header ac-trigger\">\n                                        <!-- classe no-image necess\u00e1ria caso n\u00e3o tenha imagem cadastrada -->\n                                                                                <div class=\"image \">\n                                                                                            <img decoding=\"async\" src=\"https:\/\/eventos.abcm.org.br\/eptt2026\/wp-content\/uploads\/2024\/02\/Marcello.png\" alt=\"\">\n                                                                                    <\/div>\n                                        <div class=\"content\">\n                                            <h3>Prof. Marcello Faraco de Medeiros<\/h3>\n                                            <span>EESC-USP<\/span>\n                                            <p class=\"lecture\"><\/p>\n                                        <\/div>\n                                        <span class=\"icon-arrow_forward_ios arrow arrow-ac\"><\/span>\n                                    <\/div>\n                                    <div class=\"ac-panel\">\n                                        <div class=\"inner-content\">\n                                            <p><\/p>\n                                        <\/div>\n                                    <\/div>\n                                <\/div>\n                                                        \n                        <\/div>\n                    <\/div>\n                <\/div>\n            <\/section>\n\n        \n    \n","protected":false},"excerpt":{"rendered":"","protected":false},"author":1,"featured_media":0,"parent":0,"menu_order":0,"comment_status":"closed","ping_status":"closed","template":"","meta":{"footnotes":""},"class_list":["post-1562","page","type-page","status-publish","hentry"],"_links":{"self":[{"href":"https:\/\/eventos.abcm.org.br\/eptt2026\/wp-json\/wp\/v2\/pages\/1562","targetHints":{"allow":["GET"]}}],"collection":[{"href":"https:\/\/eventos.abcm.org.br\/eptt2026\/wp-json\/wp\/v2\/pages"}],"about":[{"href":"https:\/\/eventos.abcm.org.br\/eptt2026\/wp-json\/wp\/v2\/types\/page"}],"author":[{"embeddable":true,"href":"https:\/\/eventos.abcm.org.br\/eptt2026\/wp-json\/wp\/v2\/users\/1"}],"replies":[{"embeddable":true,"href":"https:\/\/eventos.abcm.org.br\/eptt2026\/wp-json\/wp\/v2\/comments?post=1562"}],"version-history":[{"count":30,"href":"https:\/\/eventos.abcm.org.br\/eptt2026\/wp-json\/wp\/v2\/pages\/1562\/revisions"}],"predecessor-version":[{"id":1660,"href":"https:\/\/eventos.abcm.org.br\/eptt2026\/wp-json\/wp\/v2\/pages\/1562\/revisions\/1660"}],"wp:attachment":[{"href":"https:\/\/eventos.abcm.org.br\/eptt2026\/wp-json\/wp\/v2\/media?parent=1562"}],"curies":[{"name":"wp","href":"https:\/\/api.w.org\/{rel}","templated":true}]}}